{"id":2614,"date":"2021-01-13T18:50:23","date_gmt":"2021-01-13T17:50:23","guid":{"rendered":"https:\/\/agenziadessena.com\/product\/import-placeholder-for-6649\/"},"modified":"2023-04-11T10:10:17","modified_gmt":"2023-04-11T09:10:17","slug":"appartamento-n-9-in-villa-con-piscina-e-a-800-metri-dal-mare","status":"publish","type":"product","link":"https:\/\/www.agenziadessena.com\/de\/apartments\/affitto\/appartamento-n-9-in-villa-con-piscina-e-a-800-metri-dal-mare\/","title":{"rendered":"Wohnung (nr. 9) in Villa mit Pool, nur 800m vom Strand entfernt."},"content":{"rendered":"<p>Ferienwohnung mit Gemeinschaftspool ca. 800m vom Strand, und ca. 2 Km vom Naturschutzpark Biderosa entfernt.<\/p>\n<p>&nbsp;<\/p>\n<p>Die Wohnung im ersten Stock besteht aus einem Wohnzimmer mit Kochecke und Einzelbett, ein Schlafzimmer mit Doppelbett und Kinderbett, ein Badezimmer mit Dusche, SatTV und eine kleine Terrasse im Eingangsbereich.<\/p>\n<p>&nbsp;<\/p>\n<p>Im Gartenbereich, stehen zwei Swimmingpools (davon eins f\u00fcr Kinder), W-Lan und eine Waschmaschine zur gemeinsamen Nutzung zur Verf\u00fcgung.<\/p>\n<p>&nbsp;<\/p>\n<p class=\"translation-block\">In der N\u00e4he der Villa Dessena befinden sich Einkaufsm\u00f6glichkeiten sowie Restaurants, Bars, Pizzeria, Gelateria, Apotheke, Superm\u00e4rkte, Kiosk, B\u00e4ckerei, Fischh\u00e4ndler und eine Metzgerei.<br><br><\/p>","protected":false},"excerpt":{"rendered":"<p><strong>Ferienwohnung in Villa mit Pool, ca. 800m von den sch\u00f6nen Sandstr\u00e4nden von Cala Liberotto entfernt.<\/strong><\/p>\n<p><strong><span style=\"font-family: 'Calibri',sans-serif;\">\u00a0<\/span><\/strong><\/p>","protected":false},"featured_media":2737,"template":"","meta":[],"product_brand":[],"product_cat":[33],"product_tag":[34,35,53,37,38,43,54,39,44],"localita":[65],"class_list":{"0":"post-2614","1":"product","2":"type-product","3":"status-publish","4":"has-post-thumbnail","6":"product_cat-affitto","7":"product_tag-caffe-moka-italiana","8":"product_tag-doccia","9":"product_tag-doccia-esterna-condivisa","10":"product_tag-giardino-uso-condiviso","11":"product_tag-lavatrice-uso-condiviso","12":"product_tag-piscina-uso-condiviso","13":"product_tag-stendi-biancheria","14":"product_tag-tv-sat-no-pay-tv","15":"product_tag-ventilatore","16":"localita-sos-alinos","18":"first","19":"instock","20":"virtual","21":"taxable","22":"purchasable","23":"product-type-simple"},"_links":{"self":[{"href":"https:\/\/www.agenziadessena.com\/de\/wp-json\/wp\/v2\/product\/2614","targetHints":{"allow":["GET"]}}],"collection":[{"href":"https:\/\/www.agenziadessena.com\/de\/wp-json\/wp\/v2\/product"}],"about":[{"href":"https:\/\/www.agenziadessena.com\/de\/wp-json\/wp\/v2\/types\/product"}],"wp:featuredmedia":[{"embeddable":true,"href":"https:\/\/www.agenziadessena.com\/de\/wp-json\/wp\/v2\/media\/2737"}],"wp:attachment":[{"href":"https:\/\/www.agenziadessena.com\/de\/wp-json\/wp\/v2\/media?parent=2614"}],"wp:term":[{"taxonomy":"product_brand","embeddable":true,"href":"https:\/\/www.agenziadessena.com\/de\/wp-json\/wp\/v2\/product_brand?post=2614"},{"taxonomy":"product_cat","embeddable":true,"href":"https:\/\/www.agenziadessena.com\/de\/wp-json\/wp\/v2\/product_cat?post=2614"},{"taxonomy":"product_tag","embeddable":true,"href":"https:\/\/www.agenziadessena.com\/de\/wp-json\/wp\/v2\/product_tag?post=2614"},{"taxonomy":"localita","embeddable":true,"href":"https:\/\/www.agenziadessena.com\/de\/wp-json\/wp\/v2\/localita?post=2614"}],"curies":[{"name":"wp","href":"https:\/\/api.w.org\/{rel}","templated":true}]}}

<p>Ferienwohnung mit Gemeinschaftspool ca. 800m vom Strand, und ca. 2 Km vom Naturschutzpark Biderosa entfernt.</p>
<p>&nbsp;</p>
<p>Die Wohnung im ersten Stock besteht aus einem Wohnzimmer mit Kochecke und Einzelbett, ein Schlafzimmer mit Doppelbett und Kinderbett, ein Badezimmer mit Dusche, SatTV und eine kleine Terrasse im Eingangsbereich.</p>
<p>&nbsp;</p>
<p>Im Gartenbereich, stehen zwei Swimmingpools (davon eins für Kinder), W-Lan und eine Waschmaschine zur gemeinsamen Nutzung zur Verfügung.</p>
<p>&nbsp;</p>
<p class="translation-block">In der Nähe der Villa Dessena befinden sich Einkaufsmöglichkeiten sowie Restaurants, Bars, Pizzeria, Gelateria, Apotheke, Supermärkte, Kiosk, Bäckerei, Fischhändler und eine Metzgerei.<br><br></p>

<p><strong>Ferienwohnung in Villa mit Pool, ca. 800m von den schönen Sandstränden von Cala Liberotto entfernt.</strong></p>
<p><strong><span style="font-family: 'Calibri',sans-serif;"> </span></strong></p>
