{"id":2625,"date":"2021-01-13T18:50:24","date_gmt":"2021-01-13T17:50:24","guid":{"rendered":"https:\/\/agenziadessena.com\/product\/import-placeholder-for-6954\/"},"modified":"2023-04-07T15:35:54","modified_gmt":"2023-04-07T14:35:54","slug":"appartamento-n-1-in-villa-con-piscina-e-a-800-metri-dal-mare","status":"publish","type":"product","link":"https:\/\/www.agenziadessena.com\/de\/apartments\/affitto\/appartamento-n-1-in-villa-con-piscina-e-a-800-metri-dal-mare\/","title":{"rendered":"Wohnung (Nr. 1) in Villa mit Pool, nur 800m vom Strand entfernt"},"content":{"rendered":"<p>Ferienwohnung mit Gemeinschaftspool ca. 800m vom Strand, und ca. 2 Km vom Naturschutzpark Biderosa entfernt.<\/p>\n<p>&nbsp;<\/p>\n<p>Die Wohnung auf Pool und Gartenebene hat 3 Schlafzimmer (zwei mit Doppelbett und ein Zimmer mit Etagenbett) ein Wohnzimmer mit K\u00fcche, ein Badezimmer mit Dusche und ein Badezimmer nur mit WC und Waschbecken, Veranda mit Barbecue und blick auf den Pool und Garten.<\/p>\n<p>&nbsp;<\/p>\n<p>Im Gartenbereich, stehen zwei Swimmingpools (davon eins f\u00fcr Kinder), W-Lan und eine Waschmaschine zur gemeinsamen Nutzung zur Verf\u00fcgung.<\/p>\n<p>&nbsp;<\/p>\n<p>In der N\u00e4he der Villa Dessena befinden sich Einkaufsm\u00f6glichkeiten sowie Restaurants, Bars, Pizzeria, Gelateria, Apotheke, Superm\u00e4rkte, Kiosk, B\u00e4ckerei, Fischh\u00e4ndler und eine Metzgerei.<\/p>","protected":false},"excerpt":{"rendered":"<p><strong>Ferienwohnung in Villa mit Pool, ca. 800m vom Strand von Cala Liberotto entfernt.<br \/>\n<\/strong><\/p>","protected":false},"featured_media":2772,"template":"","meta":[],"product_brand":[],"product_cat":[33],"product_tag":[76,34,57,53,42,37,38,58,43,54,39,44],"localita":[65],"class_list":{"0":"post-2625","1":"product","2":"type-product","3":"status-publish","4":"has-post-thumbnail","6":"product_cat-affitto","7":"product_tag-bbq","8":"product_tag-caffe-moka-italiana","9":"product_tag-caffe-tedesco","10":"product_tag-doccia-esterna-condivisa","11":"product_tag-free-wifi","12":"product_tag-giardino-uso-condiviso","13":"product_tag-lavatrice-uso-condiviso","14":"product_tag-microonde","15":"product_tag-piscina-uso-condiviso","16":"product_tag-stendi-biancheria","17":"product_tag-tv-sat-no-pay-tv","18":"product_tag-ventilatore","19":"localita-sos-alinos","21":"first","22":"instock","23":"virtual","24":"taxable","25":"purchasable","26":"product-type-simple"},"_links":{"self":[{"href":"https:\/\/www.agenziadessena.com\/de\/wp-json\/wp\/v2\/product\/2625","targetHints":{"allow":["GET"]}}],"collection":[{"href":"https:\/\/www.agenziadessena.com\/de\/wp-json\/wp\/v2\/product"}],"about":[{"href":"https:\/\/www.agenziadessena.com\/de\/wp-json\/wp\/v2\/types\/product"}],"wp:featuredmedia":[{"embeddable":true,"href":"https:\/\/www.agenziadessena.com\/de\/wp-json\/wp\/v2\/media\/2772"}],"wp:attachment":[{"href":"https:\/\/www.agenziadessena.com\/de\/wp-json\/wp\/v2\/media?parent=2625"}],"wp:term":[{"taxonomy":"product_brand","embeddable":true,"href":"https:\/\/www.agenziadessena.com\/de\/wp-json\/wp\/v2\/product_brand?post=2625"},{"taxonomy":"product_cat","embeddable":true,"href":"https:\/\/www.agenziadessena.com\/de\/wp-json\/wp\/v2\/product_cat?post=2625"},{"taxonomy":"product_tag","embeddable":true,"href":"https:\/\/www.agenziadessena.com\/de\/wp-json\/wp\/v2\/product_tag?post=2625"},{"taxonomy":"localita","embeddable":true,"href":"https:\/\/www.agenziadessena.com\/de\/wp-json\/wp\/v2\/localita?post=2625"}],"curies":[{"name":"wp","href":"https:\/\/api.w.org\/{rel}","templated":true}]}}

<p>Ferienwohnung mit Gemeinschaftspool ca. 800m vom Strand, und ca. 2 Km vom Naturschutzpark Biderosa entfernt.</p>
<p>&nbsp;</p>
<p>Die Wohnung auf Pool und Gartenebene hat 3 Schlafzimmer (zwei mit Doppelbett und ein Zimmer mit Etagenbett) ein Wohnzimmer mit Küche, ein Badezimmer mit Dusche und ein Badezimmer nur mit WC und Waschbecken, Veranda mit Barbecue und blick auf den Pool und Garten.</p>
<p>&nbsp;</p>
<p>Im Gartenbereich, stehen zwei Swimmingpools (davon eins für Kinder), W-Lan und eine Waschmaschine zur gemeinsamen Nutzung zur Verfügung.</p>
<p>&nbsp;</p>
<p>In der Nähe der Villa Dessena befinden sich Einkaufsmöglichkeiten sowie Restaurants, Bars, Pizzeria, Gelateria, Apotheke, Supermärkte, Kiosk, Bäckerei, Fischhändler und eine Metzgerei.</p>
