{"id":2697,"date":"2021-01-13T18:51:10","date_gmt":"2021-01-13T17:51:10","guid":{"rendered":"https:\/\/agenziadessena.com\/product\/import-placeholder-for-7164\/"},"modified":"2023-04-07T15:11:48","modified_gmt":"2023-04-07T14:11:48","slug":"porzione-di-villa-sul-mare-n-41","status":"publish","type":"product","link":"https:\/\/www.agenziadessena.com\/de\/apartments\/affitto\/porzione-di-villa-sul-mare-n-41\/","title":{"rendered":"Villah\u00e4lfte (nr. 41) direkt am Meer"},"content":{"rendered":"<p>Die Villa befindet sich in einer ruhigen gegend von Cala Liberotto, in der N\u00e4he von wundersch\u00f6nen Sandstr\u00e4nden und weit entfernt von L\u00e4rmigen Stra\u00dfen, ideal f\u00fcr einen erholsamen Urlaub.<\/p>\n<p>Die Villa besteht aus:<br \/>\n\u2013 Gro\u00dfer Wohnraum mit K\u00fcche<br \/>\n\u2013 4 Schlafzimmer<br \/>\n\u2013 Zwei Badezimmer mit Dusche<br \/>\n\u2013 Gro\u00dfe Terrasse mit Grill<\/p>\n<p>Und ist ausgestattet mit:<br \/>\n\u2013 Sat-tv (FTA)<br \/>\n- Klimaanlage<br \/>\n\u2013 Waschmaschine<br \/>\n\u2013 Geschirrsp\u00fcler<br \/>\n\u2013 Beheizte Au\u00dfendusche<br \/>\n\u2013 Garten<br \/>\n\u2013 Zwei Parkpl\u00e4tze<\/p>\n<p>In rund 900m entfernung finden Sie Superm\u00e4rkte, Bars, Restaurants, Pizzeria, Eisdiele, Apotheke, Fischmarkt, Metzgerei, Kiosk f\u00fcr Zeitungen und Tabakwaren.<\/p>","protected":false},"excerpt":{"rendered":"<p>Wundersch\u00f6ne halbe Villa direkt am Meer in Cala Liberotto mit herrlichem Meerblick.<\/p>","protected":false},"featured_media":3007,"template":"","meta":[],"product_brand":[],"product_cat":[33],"product_tag":[52,45,41,34,35,46,47,48,49,50,39],"localita":[63],"class_list":{"0":"post-2697","1":"product","2":"type-product","3":"status-publish","4":"has-post-thumbnail","6":"product_cat-affitto","7":"product_tag-aria-condizionata","8":"product_tag-asse-da-stiro","9":"product_tag-barbecue","10":"product_tag-caffe-moka-italiana","11":"product_tag-doccia","12":"product_tag-doccia-esterna-riscaldata","13":"product_tag-ferro-da-stiro","14":"product_tag-forno","15":"product_tag-giardino","16":"product_tag-lavatrice","17":"product_tag-tv-sat-no-pay-tv","18":"localita-cala-liberotto","20":"first","21":"instock","22":"featured","23":"virtual","24":"taxable","25":"purchasable","26":"product-type-simple"},"_links":{"self":[{"href":"https:\/\/www.agenziadessena.com\/de\/wp-json\/wp\/v2\/product\/2697","targetHints":{"allow":["GET"]}}],"collection":[{"href":"https:\/\/www.agenziadessena.com\/de\/wp-json\/wp\/v2\/product"}],"about":[{"href":"https:\/\/www.agenziadessena.com\/de\/wp-json\/wp\/v2\/types\/product"}],"wp:featuredmedia":[{"embeddable":true,"href":"https:\/\/www.agenziadessena.com\/de\/wp-json\/wp\/v2\/media\/3007"}],"wp:attachment":[{"href":"https:\/\/www.agenziadessena.com\/de\/wp-json\/wp\/v2\/media?parent=2697"}],"wp:term":[{"taxonomy":"product_brand","embeddable":true,"href":"https:\/\/www.agenziadessena.com\/de\/wp-json\/wp\/v2\/product_brand?post=2697"},{"taxonomy":"product_cat","embeddable":true,"href":"https:\/\/www.agenziadessena.com\/de\/wp-json\/wp\/v2\/product_cat?post=2697"},{"taxonomy":"product_tag","embeddable":true,"href":"https:\/\/www.agenziadessena.com\/de\/wp-json\/wp\/v2\/product_tag?post=2697"},{"taxonomy":"localita","embeddable":true,"href":"https:\/\/www.agenziadessena.com\/de\/wp-json\/wp\/v2\/localita?post=2697"}],"curies":[{"name":"wp","href":"https:\/\/api.w.org\/{rel}","templated":true}]}}

Villahälfte (nr. 41) direkt am Meer

<p>Die Villa befindet sich in einer ruhigen gegend von Cala Liberotto, in der Nähe von wunderschönen Sandstränden und weit entfernt von Lärmigen Straßen, ideal für einen erholsamen Urlaub.</p>
<p>Die Villa besteht aus:<br />
– Großer Wohnraum mit Küche<br />
– 4 Schlafzimmer<br />
– Zwei Badezimmer mit Dusche<br />
– Große Terrasse mit Grill</p>
<p>Und ist ausgestattet mit:<br />
– Sat-tv (FTA)<br />
- Klimaanlage<br />
– Waschmaschine<br />
– Geschirrspüler<br />
– Beheizte Außendusche<br />
– Garten<br />
– Zwei Parkplätze</p>
<p>In rund 900m entfernung finden Sie Supermärkte, Bars, Restaurants, Pizzeria, Eisdiele, Apotheke, Fischmarkt, Metzgerei, Kiosk für Zeitungen und Tabakwaren.</p>

<p>Wunderschöne halbe Villa direkt am Meer in Cala Liberotto mit herrlichem Meerblick.</p>
