{"id":2807,"date":"2021-01-13T18:52:23","date_gmt":"2021-01-13T17:52:23","guid":{"rendered":"https:\/\/agenziadessena.com\/product\/import-placeholder-for-9840\/"},"modified":"2023-04-07T15:11:48","modified_gmt":"2023-04-07T14:11:48","slug":"grazioso-appartamento-n-21b","status":"publish","type":"product","link":"https:\/\/www.agenziadessena.com\/de\/apartments\/affitto\/grazioso-appartamento-n-21b\/","title":{"rendered":"Ferienwohnung (nr. 21b)"},"content":{"rendered":"<p>Die Ferienwohnung im Erdgeschoss, besteht aus einem Schlafzimmer mit Doppelbett und einem Schlafzimmer mit 4 Betten (zwei Etagenbetten), Wohnzimmer mit Kochecke, ein Badezimmer mit Dusche, Veranda und ist mit Klimaanlage, Waschmaschine, Backofen, Au\u00dfendusche und Parkplatz ausgestattet.<\/p>\n<p>&nbsp;<\/p>\n<p>In der N\u00e4he finden Sie Superm\u00e4rkte, Bars, Restaurants, Pizzeria, Eisdiele, Apotheke, Fischmarkt, Metzgerei, Kiosk f\u00fcr Zeitungen und Tabakwaren.<\/p>\n<p>&nbsp;<\/p>\n<p>Die Wohnung befindet sich ca. 1800m vom Eingang der Naturoase Bidderosa, die ber\u00fchmt auf der ganzen Insel f\u00fcr seine wundersch\u00f6nen Str\u00e4nde ist.<\/p>\n<p>&nbsp;<\/p>\n<p>&nbsp;<\/p>","protected":false},"excerpt":{"rendered":"<p>Ferienwohnung im Erdgeschoss, etwa 1200m von den sch\u00f6nen Sandstr\u00e4nden von Cala Liberotto entfernt.<\/p>","protected":false},"featured_media":3068,"template":"","meta":[],"product_brand":[],"product_cat":[33],"product_tag":[52,45,36,48,50,39],"localita":[65],"class_list":{"0":"post-2807","1":"product","2":"type-product","3":"status-publish","4":"has-post-thumbnail","6":"product_cat-affitto","7":"product_tag-aria-condizionata","8":"product_tag-asse-da-stiro","9":"product_tag-doccia-esterna","10":"product_tag-forno","11":"product_tag-lavatrice","12":"product_tag-tv-sat-no-pay-tv","13":"localita-sos-alinos","15":"first","16":"instock","17":"virtual","18":"taxable","19":"purchasable","20":"product-type-simple"},"_links":{"self":[{"href":"https:\/\/www.agenziadessena.com\/de\/wp-json\/wp\/v2\/product\/2807","targetHints":{"allow":["GET"]}}],"collection":[{"href":"https:\/\/www.agenziadessena.com\/de\/wp-json\/wp\/v2\/product"}],"about":[{"href":"https:\/\/www.agenziadessena.com\/de\/wp-json\/wp\/v2\/types\/product"}],"wp:featuredmedia":[{"embeddable":true,"href":"https:\/\/www.agenziadessena.com\/de\/wp-json\/wp\/v2\/media\/3068"}],"wp:attachment":[{"href":"https:\/\/www.agenziadessena.com\/de\/wp-json\/wp\/v2\/media?parent=2807"}],"wp:term":[{"taxonomy":"product_brand","embeddable":true,"href":"https:\/\/www.agenziadessena.com\/de\/wp-json\/wp\/v2\/product_brand?post=2807"},{"taxonomy":"product_cat","embeddable":true,"href":"https:\/\/www.agenziadessena.com\/de\/wp-json\/wp\/v2\/product_cat?post=2807"},{"taxonomy":"product_tag","embeddable":true,"href":"https:\/\/www.agenziadessena.com\/de\/wp-json\/wp\/v2\/product_tag?post=2807"},{"taxonomy":"localita","embeddable":true,"href":"https:\/\/www.agenziadessena.com\/de\/wp-json\/wp\/v2\/localita?post=2807"}],"curies":[{"name":"wp","href":"https:\/\/api.w.org\/{rel}","templated":true}]}}

<p>Die Ferienwohnung im Erdgeschoss, besteht aus einem Schlafzimmer mit Doppelbett und einem Schlafzimmer mit 4 Betten (zwei Etagenbetten), Wohnzimmer mit Kochecke, ein Badezimmer mit Dusche, Veranda und ist mit Klimaanlage, Waschmaschine, Backofen, Außendusche und Parkplatz ausgestattet.</p>
<p>&nbsp;</p>
<p>In der Nähe finden Sie Supermärkte, Bars, Restaurants, Pizzeria, Eisdiele, Apotheke, Fischmarkt, Metzgerei, Kiosk für Zeitungen und Tabakwaren.</p>
<p>&nbsp;</p>
<p>Die Wohnung befindet sich ca. 1800m vom Eingang der Naturoase Bidderosa, die berühmt auf der ganzen Insel für seine wunderschönen Strände ist.</p>
<p>&nbsp;</p>
<p>&nbsp;</p>

<p>Ferienwohnung im Erdgeschoss, etwa 1200m von den schönen Sandstränden von Cala Liberotto entfernt.</p>
