{"id":2849,"date":"2021-01-13T18:52:48","date_gmt":"2021-01-13T17:52:48","guid":{"rendered":"https:\/\/agenziadessena.com\/product\/import-placeholder-for-13977\/"},"modified":"2023-04-07T15:11:48","modified_gmt":"2023-04-07T14:11:48","slug":"villa-sul-mare-n-67","status":"publish","type":"product","link":"https:\/\/www.agenziadessena.com\/de\/apartments\/affitto\/villa-sul-mare-n-67\/","title":{"rendered":"Villa drekt am meer (nr. 67)"},"content":{"rendered":"<p>Die Villa umgeben von Pinien hat einen direkten Zugang zum Felsstrand und ist ca. 300 Meter vom Strand von Sas Linnas Siccas und Fuile mare entfernt.\nSie verf\u00fcgt \u00fcber ca. 100qm und besteht aus 3 Schlafzimmer mit 6 Schlafm\u00f6glichkeiten, 2 Badezimmer (eines mit Waschmaschine), grosser Wohnraum mit Kochecke, Veranda und Garten mit Blick aufs Meer.<\/p>\n<p>Die Wohnung befindet an einer ruhigen Lage im wundersch\u00f6nen Ferienort Sas Linnas Siccas (Orosei) und ist ideal f\u00fcr einen erholsamen Urlaub.<\/p>\n<p>In der N\u00e4he des Hauses befinden sich Restaurants, Bars, Pizzeria, Gelateria, Apotheke, Superm\u00e4rkte, Kiosk, B\u00e4ckerei, Fischladen und eine Metzgerei.<\/p>","protected":false},"excerpt":{"rendered":"<p>Sch\u00f6ne Villa in der ersten Reihe direkt am Meer in Sas Linnas Siccas.<\/p>","protected":false},"featured_media":3135,"template":"","meta":[],"product_brand":[],"product_cat":[33],"product_tag":[],"localita":[66],"class_list":{"0":"post-2849","1":"product","2":"type-product","3":"status-publish","4":"has-post-thumbnail","6":"product_cat-affitto","7":"localita-sas-linnas-siccas","9":"first","10":"instock","11":"featured","12":"virtual","13":"taxable","14":"purchasable","15":"product-type-simple"},"_links":{"self":[{"href":"https:\/\/www.agenziadessena.com\/de\/wp-json\/wp\/v2\/product\/2849","targetHints":{"allow":["GET"]}}],"collection":[{"href":"https:\/\/www.agenziadessena.com\/de\/wp-json\/wp\/v2\/product"}],"about":[{"href":"https:\/\/www.agenziadessena.com\/de\/wp-json\/wp\/v2\/types\/product"}],"wp:featuredmedia":[{"embeddable":true,"href":"https:\/\/www.agenziadessena.com\/de\/wp-json\/wp\/v2\/media\/3135"}],"wp:attachment":[{"href":"https:\/\/www.agenziadessena.com\/de\/wp-json\/wp\/v2\/media?parent=2849"}],"wp:term":[{"taxonomy":"product_brand","embeddable":true,"href":"https:\/\/www.agenziadessena.com\/de\/wp-json\/wp\/v2\/product_brand?post=2849"},{"taxonomy":"product_cat","embeddable":true,"href":"https:\/\/www.agenziadessena.com\/de\/wp-json\/wp\/v2\/product_cat?post=2849"},{"taxonomy":"product_tag","embeddable":true,"href":"https:\/\/www.agenziadessena.com\/de\/wp-json\/wp\/v2\/product_tag?post=2849"},{"taxonomy":"localita","embeddable":true,"href":"https:\/\/www.agenziadessena.com\/de\/wp-json\/wp\/v2\/localita?post=2849"}],"curies":[{"name":"wp","href":"https:\/\/api.w.org\/{rel}","templated":true}]}}

<p>Die Villa umgeben von Pinien hat einen direkten Zugang zum Felsstrand und ist ca. 300 Meter vom Strand von Sas Linnas Siccas und Fuile mare entfernt.
Sie verfügt über ca. 100qm und besteht aus 3 Schlafzimmer mit 6 Schlafmöglichkeiten, 2 Badezimmer (eines mit Waschmaschine), grosser Wohnraum mit Kochecke, Veranda und Garten mit Blick aufs Meer.</p>
<p>Die Wohnung befindet an einer ruhigen Lage im wunderschönen Ferienort Sas Linnas Siccas (Orosei) und ist ideal für einen erholsamen Urlaub.</p>
<p>In der Nähe des Hauses befinden sich Restaurants, Bars, Pizzeria, Gelateria, Apotheke, Supermärkte, Kiosk, Bäckerei, Fischladen und eine Metzgerei.</p>

<p>Schöne Villa in der ersten Reihe direkt am Meer in Sas Linnas Siccas.</p>
