{"id":2921,"date":"2021-01-13T18:53:34","date_gmt":"2021-01-13T17:53:34","guid":{"rendered":"https:\/\/agenziadessena.com\/product\/import-placeholder-for-14099\/"},"modified":"2023-04-11T10:31:12","modified_gmt":"2023-04-11T09:31:12","slug":"villa-dessena-bed-and-breakfast-n-104","status":"publish","type":"product","link":"https:\/\/www.agenziadessena.com\/de\/apartments\/bb\/villa-dessena-bed-and-breakfast-n-104\/","title":{"rendered":"Villa Dessena Bed and Breakfast (nr. 104)"},"content":{"rendered":"<p class=\"translation-block\">Bed and Breakfastzimmer in sch\u00f6ner Villa, ca. 800 m von den sch\u00f6nen Sandstr\u00e4nden von Cala Liberotto und etwa 2 km von der herrlichen Natur-Oase von Biderosa mit seinen 5 Str\u00e4nde im karibischen Stil entfernt.<br><br><\/p>\n<p>&nbsp;<\/p>\n<p>Das Zimmer im Erdgeschoss auf Pool und Gartenebene, besteht aus einem Doppelbett, einem Schlafsofa, Badezimmer mit Dusche, Veranda und ist mit Klimaanlage, Minik\u00fchlschrank, TV und einem Schreibtisch ausgestattet.<br><br><\/p>\n<p>&nbsp;<\/p>\n<p>Im Gartenbereich, stehen zwei Swimmingpools (davon eins f\u00fcr Kinder), W-Lan und eine Waschmaschine zur gemeinsamen Nutzung zur Verf\u00fcgung.<br><br><\/p>\n<p>&nbsp;<\/p>\n<p class=\"translation-block\">In der N\u00e4he der Villa Dessena befinden sich Einkaufsm\u00f6glichkeiten sowie Restaurants, Bars, Pizzeria, Gelateria, Apotheke, Superm\u00e4rkte, Kiosk, B\u00e4ckerei, Fischh\u00e4ndler und eine Metzgerei.<br><br><\/p>\n<p>&nbsp;<\/p>\n<p>Der Preis versteht sich f\u00fcr 3 Personen inklusive Fr\u00fchst\u00fcck, Bett und Badezimmerw\u00e4sche sowie der t\u00e4glichen Reinigung.<br><br><\/p>\n<p class=\"translation-block\">Preis f\u00fcr 2 Personen: 27% Preisnachlass vom offiziellen Preis wie auf der Seite angegeben.<br>\nPreis f\u00fcr 1 Person: 53% Preisnachlass vom offiziellen Preis wie auf der Seite angegeben.<\/p>","protected":false},"excerpt":{"rendered":"<p><strong>Bed and Breakfastzimmer in sch\u00f6ner Villa mit Garten und Pool, ca. 800 m vom Strand von Cala Liberotto entfernt.<\/strong><\/p>","protected":false},"featured_media":3165,"template":"","meta":[],"product_brand":[],"product_cat":[61],"product_tag":[52,72,75,53,42,37,43,73],"localita":[65],"class_list":{"0":"post-2921","1":"product","2":"type-product","3":"status-publish","4":"has-post-thumbnail","6":"product_cat-bb","7":"product_tag-aria-condizionata","8":"product_tag-cala-liberotto","9":"product_tag-colazione-inclusa","10":"product_tag-doccia-esterna-condivisa","11":"product_tag-free-wifi","12":"product_tag-giardino-uso-condiviso","13":"product_tag-piscina-uso-condiviso","14":"product_tag-vacanze","15":"localita-sos-alinos","17":"first","18":"instock","19":"featured","20":"virtual","21":"taxable","22":"purchasable","23":"product-type-simple"},"_links":{"self":[{"href":"https:\/\/www.agenziadessena.com\/de\/wp-json\/wp\/v2\/product\/2921","targetHints":{"allow":["GET"]}}],"collection":[{"href":"https:\/\/www.agenziadessena.com\/de\/wp-json\/wp\/v2\/product"}],"about":[{"href":"https:\/\/www.agenziadessena.com\/de\/wp-json\/wp\/v2\/types\/product"}],"wp:featuredmedia":[{"embeddable":true,"href":"https:\/\/www.agenziadessena.com\/de\/wp-json\/wp\/v2\/media\/3165"}],"wp:attachment":[{"href":"https:\/\/www.agenziadessena.com\/de\/wp-json\/wp\/v2\/media?parent=2921"}],"wp:term":[{"taxonomy":"product_brand","embeddable":true,"href":"https:\/\/www.agenziadessena.com\/de\/wp-json\/wp\/v2\/product_brand?post=2921"},{"taxonomy":"product_cat","embeddable":true,"href":"https:\/\/www.agenziadessena.com\/de\/wp-json\/wp\/v2\/product_cat?post=2921"},{"taxonomy":"product_tag","embeddable":true,"href":"https:\/\/www.agenziadessena.com\/de\/wp-json\/wp\/v2\/product_tag?post=2921"},{"taxonomy":"localita","embeddable":true,"href":"https:\/\/www.agenziadessena.com\/de\/wp-json\/wp\/v2\/localita?post=2921"}],"curies":[{"name":"wp","href":"https:\/\/api.w.org\/{rel}","templated":true}]}}

<p class="translation-block">Bed and Breakfastzimmer in schöner Villa, ca. 800 m von den schönen Sandstränden von Cala Liberotto und etwa 2 km von der herrlichen Natur-Oase von Biderosa mit seinen 5 Strände im karibischen Stil entfernt.<br><br></p>
<p>&nbsp;</p>
<p>Das Zimmer im Erdgeschoss auf Pool und Gartenebene, besteht aus einem Doppelbett, einem Schlafsofa, Badezimmer mit Dusche, Veranda und ist mit Klimaanlage, Minikühlschrank, TV und einem Schreibtisch ausgestattet.<br><br></p>
<p>&nbsp;</p>
<p>Im Gartenbereich, stehen zwei Swimmingpools (davon eins für Kinder), W-Lan und eine Waschmaschine zur gemeinsamen Nutzung zur Verfügung.<br><br></p>
<p>&nbsp;</p>
<p class="translation-block">In der Nähe der Villa Dessena befinden sich Einkaufsmöglichkeiten sowie Restaurants, Bars, Pizzeria, Gelateria, Apotheke, Supermärkte, Kiosk, Bäckerei, Fischhändler und eine Metzgerei.<br><br></p>
<p>&nbsp;</p>
<p>Der Preis versteht sich für 3 Personen inklusive Frühstück, Bett und Badezimmerwäsche sowie der täglichen Reinigung.<br><br></p>
<p class="translation-block">Preis für 2 Personen: 27% Preisnachlass vom offiziellen Preis wie auf der Seite angegeben.<br>
Preis für 1 Person: 53% Preisnachlass vom offiziellen Preis wie auf der Seite angegeben.</p>

<p><strong>Bed and Breakfastzimmer in schöner Villa mit Garten und Pool, ca. 800 m vom Strand von Cala Liberotto entfernt.</strong></p>
