{"id":4475,"date":"2022-05-06T08:35:39","date_gmt":"2022-05-06T07:35:39","guid":{"rendered":"https:\/\/agenziadessena.com\/?post_type=product&#038;p=4475"},"modified":"2023-04-11T12:15:28","modified_gmt":"2023-04-11T11:15:28","slug":"casa-indipentente-n-39","status":"publish","type":"product","link":"https:\/\/www.agenziadessena.com\/de\/apartments\/affitto\/casa-indipentente-n-39\/","title":{"rendered":"Ferienhaus (Nr. 39) ca. 750m vom Strand von Cala Ginepro entfernt."},"content":{"rendered":"<p>Das Ferienhaus besteht aus zwei Schlafzimmer (eines mit Doppelbett und eines mit zwei Einzelbetten), grosser Wohnraum mit zwei weiteren einzelbetten, Kochecke und Klimaanlage, Veranda, Garten, Aussendusche, Waschmaschine und Privatparkplatz.<\/p>\n<p>In der N\u00e4he finden Sie Superm\u00e4rkte, Bars, Restaurants, Pizzeria, Eisdiele, Apotheke, Fischmarkt, Metzgerei, Kiosk f\u00fcr Zeitungen und Tabakwaren.<\/p>\n<p>Das Haus ist ca. 800 von der herrlichen Natur-Oase von Biderosa mit seinen 5 Str\u00e4nde im karibischen Stil entfernt.<\/p>","protected":false},"excerpt":{"rendered":"<p><strong>Ferienhaus ca. 750m vom Strand von Cala Ginepro entfernt.<\/strong><\/p>","protected":false},"featured_media":4484,"template":"","meta":[],"product_brand":[],"product_cat":[33],"product_tag":[52,36,48,49,50,56],"localita":[71],"class_list":{"0":"post-4475","1":"product","2":"type-product","3":"status-publish","4":"has-post-thumbnail","6":"product_cat-affitto","7":"product_tag-aria-condizionata","8":"product_tag-doccia-esterna","9":"product_tag-forno","10":"product_tag-giardino","11":"product_tag-lavatrice","12":"product_tag-parcheggio","13":"localita-cala-ginepro","15":"first","16":"instock","17":"featured","18":"virtual","19":"taxable","20":"purchasable","21":"product-type-simple"},"_links":{"self":[{"href":"https:\/\/www.agenziadessena.com\/de\/wp-json\/wp\/v2\/product\/4475","targetHints":{"allow":["GET"]}}],"collection":[{"href":"https:\/\/www.agenziadessena.com\/de\/wp-json\/wp\/v2\/product"}],"about":[{"href":"https:\/\/www.agenziadessena.com\/de\/wp-json\/wp\/v2\/types\/product"}],"wp:featuredmedia":[{"embeddable":true,"href":"https:\/\/www.agenziadessena.com\/de\/wp-json\/wp\/v2\/media\/4484"}],"wp:attachment":[{"href":"https:\/\/www.agenziadessena.com\/de\/wp-json\/wp\/v2\/media?parent=4475"}],"wp:term":[{"taxonomy":"product_brand","embeddable":true,"href":"https:\/\/www.agenziadessena.com\/de\/wp-json\/wp\/v2\/product_brand?post=4475"},{"taxonomy":"product_cat","embeddable":true,"href":"https:\/\/www.agenziadessena.com\/de\/wp-json\/wp\/v2\/product_cat?post=4475"},{"taxonomy":"product_tag","embeddable":true,"href":"https:\/\/www.agenziadessena.com\/de\/wp-json\/wp\/v2\/product_tag?post=4475"},{"taxonomy":"localita","embeddable":true,"href":"https:\/\/www.agenziadessena.com\/de\/wp-json\/wp\/v2\/localita?post=4475"}],"curies":[{"name":"wp","href":"https:\/\/api.w.org\/{rel}","templated":true}]}}

<p>Das Ferienhaus besteht aus zwei Schlafzimmer (eines mit Doppelbett und eines mit zwei Einzelbetten), grosser Wohnraum mit zwei weiteren einzelbetten, Kochecke und Klimaanlage, Veranda, Garten, Aussendusche, Waschmaschine und Privatparkplatz.</p>
<p>In der Nähe finden Sie Supermärkte, Bars, Restaurants, Pizzeria, Eisdiele, Apotheke, Fischmarkt, Metzgerei, Kiosk für Zeitungen und Tabakwaren.</p>
<p>Das Haus ist ca. 800 von der herrlichen Natur-Oase von Biderosa mit seinen 5 Strände im karibischen Stil entfernt.</p>
