{"id":5605,"date":"2023-05-12T09:37:55","date_gmt":"2023-05-12T08:37:55","guid":{"rendered":"https:\/\/agenziadessena.com\/?post_type=product&#038;p=5605"},"modified":"2024-07-06T12:28:09","modified_gmt":"2024-07-06T10:28:09","slug":"villa-dessena-bed-and-breakfast-n-201","status":"publish","type":"product","link":"https:\/\/www.agenziadessena.com\/de\/apartments\/bb\/villa-dessena-bed-and-breakfast-n-201\/","title":{"rendered":"Villa Dessena Bed and Breakfast (nr. 201)"},"content":{"rendered":"<p>Bed and Breakfastzimmer in sch\u00f6ner Villa mit Garten und Pool, ca. 800 m von den sch\u00f6nen Sandstr\u00e4nden von Cala Liberotto und etwa 2 km von der herrlichen Natur-Oase von Biderosa mit seinen 5 Str\u00e4nde im karibischen Stil entfernt.<\/p>\n<p>&nbsp;<\/p>\n<p>L\u2019alloggio al piano terra rialzato \u00e8 composto da due camere, una con letto matrimoniale ed una con divano-letto doppio, bagno con doccia, veranda, ed \u00e8 dotato di aria condizionata, mini frigo, due TV e scrittoio.<\/p>\n<p>&nbsp;<\/p>\n<p>Im Gartenbereich stehen zwei Swimmingpools (davon eins f\u00fcr Kinder), Aussendusche, W-Lan und eine Waschmaschine zur gemeinsamen Nutzung zur Verf\u00fcgung.<\/p>\n<p>&nbsp;<\/p>\n<p>In unmittelbarer N\u00e4he und zu Fuss erreichbar finden sie:<\/p>\n<p>Superm\u00e4rkte, Bars, Restaurants, Pizzeria, Eisdiele, Apotheke, Fischmarkt, Metzgerei, Kiosk f\u00fcr Zeitungen und Tabakwaren.<\/p>\n<p>&nbsp;<\/p>\n<p>Der Preis versteht sich f\u00fcr 4 Personen inklusive Fr\u00fchst\u00fcck, Bett und Badezimmerw\u00e4sche sowie der t\u00e4glichen Reinigung.<\/p>\n<p>&nbsp;<\/p>\n<p>Preis f\u00fcr 3 Personen: 20% Preisnachlass vom offiziellen Preis wie auf der Seite angegeben.<\/p>\n<p>Preis f\u00fcr 2 Personen: 42% Preisnachlass vom offiziellen Preis wie auf der Seite angegeben.<\/p>\n<p>Preis f\u00fcr 1 Person: 62% Preisnachlass vom offiziellen Preis wie auf der Seite angegeben.<\/p>","protected":false},"excerpt":{"rendered":"<p><strong>Bed and Breakfastzimmer in sch\u00f6ner Villa mit Garten und Pool, ca. 800 m vom Strand von Cala Liberotto entfernt.<\/strong><\/p>","protected":false},"featured_media":5618,"template":"","meta":[],"product_brand":[],"product_cat":[61],"product_tag":[52,92,88,93,36,37,43,89],"localita":[65],"class_list":{"0":"post-5605","1":"product","2":"type-product","3":"status-publish","4":"has-post-thumbnail","6":"product_cat-bb","7":"product_tag-aria-condizionata","8":"product_tag-balcone","9":"product_tag-bed-and-breakfast","10":"product_tag-colazione","11":"product_tag-doccia-esterna","12":"product_tag-giardino-uso-condiviso","13":"product_tag-piscina-uso-condiviso","14":"product_tag-tv","15":"localita-sos-alinos","17":"first","18":"instock","19":"taxable","20":"shipping-taxable","21":"product-type-simple"},"_links":{"self":[{"href":"https:\/\/www.agenziadessena.com\/de\/wp-json\/wp\/v2\/product\/5605","targetHints":{"allow":["GET"]}}],"collection":[{"href":"https:\/\/www.agenziadessena.com\/de\/wp-json\/wp\/v2\/product"}],"about":[{"href":"https:\/\/www.agenziadessena.com\/de\/wp-json\/wp\/v2\/types\/product"}],"wp:featuredmedia":[{"embeddable":true,"href":"https:\/\/www.agenziadessena.com\/de\/wp-json\/wp\/v2\/media\/5618"}],"wp:attachment":[{"href":"https:\/\/www.agenziadessena.com\/de\/wp-json\/wp\/v2\/media?parent=5605"}],"wp:term":[{"taxonomy":"product_brand","embeddable":true,"href":"https:\/\/www.agenziadessena.com\/de\/wp-json\/wp\/v2\/product_brand?post=5605"},{"taxonomy":"product_cat","embeddable":true,"href":"https:\/\/www.agenziadessena.com\/de\/wp-json\/wp\/v2\/product_cat?post=5605"},{"taxonomy":"product_tag","embeddable":true,"href":"https:\/\/www.agenziadessena.com\/de\/wp-json\/wp\/v2\/product_tag?post=5605"},{"taxonomy":"localita","embeddable":true,"href":"https:\/\/www.agenziadessena.com\/de\/wp-json\/wp\/v2\/localita?post=5605"}],"curies":[{"name":"wp","href":"https:\/\/api.w.org\/{rel}","templated":true}]}}

<p>Bed and Breakfastzimmer in schöner Villa mit Garten und Pool, ca. 800 m von den schönen Sandstränden von Cala Liberotto und etwa 2 km von der herrlichen Natur-Oase von Biderosa mit seinen 5 Strände im karibischen Stil entfernt.</p>
<p>&nbsp;</p>
<p>L’alloggio al piano terra rialzato è composto da due camere, una con letto matrimoniale ed una con divano-letto doppio, bagno con doccia, veranda, ed è dotato di aria condizionata, mini frigo, due TV e scrittoio.</p>
<p>&nbsp;</p>
<p>Im Gartenbereich stehen zwei Swimmingpools (davon eins für Kinder), Aussendusche, W-Lan und eine Waschmaschine zur gemeinsamen Nutzung zur Verfügung.</p>
<p>&nbsp;</p>
<p>In unmittelbarer Nähe und zu Fuss erreichbar finden sie:</p>
<p>Supermärkte, Bars, Restaurants, Pizzeria, Eisdiele, Apotheke, Fischmarkt, Metzgerei, Kiosk für Zeitungen und Tabakwaren.</p>
<p>&nbsp;</p>
<p>Der Preis versteht sich für 4 Personen inklusive Frühstück, Bett und Badezimmerwäsche sowie der täglichen Reinigung.</p>
<p>&nbsp;</p>
<p>Preis für 3 Personen: 20% Preisnachlass vom offiziellen Preis wie auf der Seite angegeben.</p>
<p>Preis für 2 Personen: 42% Preisnachlass vom offiziellen Preis wie auf der Seite angegeben.</p>
<p>Preis für 1 Person: 62% Preisnachlass vom offiziellen Preis wie auf der Seite angegeben.</p>

<p><strong>Bed and Breakfastzimmer in schöner Villa mit Garten und Pool, ca. 800 m vom Strand von Cala Liberotto entfernt.</strong></p>
