{"id":5607,"date":"2023-05-12T12:15:47","date_gmt":"2023-05-12T11:15:47","guid":{"rendered":"https:\/\/agenziadessena.com\/?post_type=product&#038;p=5607"},"modified":"2023-05-13T10:29:27","modified_gmt":"2023-05-13T09:29:27","slug":"villa-dessena-bed-and-breakfast-n-203","status":"publish","type":"product","link":"https:\/\/www.agenziadessena.com\/de\/apartments\/bb\/villa-dessena-bed-and-breakfast-n-203\/","title":{"rendered":"Villa Dessena Bed and Breakfast (n. 203)"},"content":{"rendered":"<p class=\"translation-block\">Bed and Breakfastzimmer in sch\u00f6ner Villa, ca. 800 m von den sch\u00f6nen Sandstr\u00e4nden von Cala Liberotto und etwa 2 km von der herrlichen Natur-Oase von Biderosa mit seinen 5 Str\u00e4nde im karibischen Stil entfernt.<br><br><\/p>\n<p>Das Zimmer im Hochparterre, besteht aus einem Doppelbett, Badezimmer mit Dusche, Veranda und ist mit Klimaanlage, Minik\u00fchlschrank, TV und einem Schreibtisch ausgestattet.<\/p>\n<p>Im Gartenbereich, stehen zwei Swimmingpools (davon eins f\u00fcr Kinder), W-Lan und eine Waschmaschine zur gemeinsamen Nutzung zur Verf\u00fcgung.<br><br><\/p>\n<p class=\"translation-block\">In der N\u00e4he der Villa Dessena befinden sich Einkaufsm\u00f6glichkeiten sowie Restaurants, Bars, Pizzeria, Gelateria, Apotheke, Superm\u00e4rkte, Kiosk, B\u00e4ckerei, Fischh\u00e4ndler und eine Metzgerei.<br><br><\/p>\n<p>Der Preis versteht sich f\u00fcr 2 Personen inklusive Fr\u00fchst\u00fcck, Bett und Badezimmerw\u00e4sche sowie der t\u00e4glichen Reinigung.<\/p>\n<p>Preis f\u00fcr 1 Person: 27% Preisnachlass vom offiziellen Preis wie auf der Seite angegeben.<\/p>","protected":false},"excerpt":{"rendered":"<p><strong>Bed and Breakfastzimmer in sch\u00f6ner Villa mit Pool, ca. 800 m vom Strand von Cala Liberotto entfernt.<\/strong><\/p>","protected":false},"featured_media":5623,"template":"","meta":[],"product_brand":[],"product_cat":[61],"product_tag":[52,88,36,37,43,89,94],"localita":[65],"class_list":{"0":"post-5607","1":"product","2":"type-product","3":"status-publish","4":"has-post-thumbnail","6":"product_cat-bb","7":"product_tag-aria-condizionata","8":"product_tag-bed-and-breakfast","9":"product_tag-doccia-esterna","10":"product_tag-giardino-uso-condiviso","11":"product_tag-piscina-uso-condiviso","12":"product_tag-tv","13":"product_tag-veranda","14":"localita-sos-alinos","16":"first","17":"instock","18":"taxable","19":"shipping-taxable","20":"product-type-simple"},"_links":{"self":[{"href":"https:\/\/www.agenziadessena.com\/de\/wp-json\/wp\/v2\/product\/5607","targetHints":{"allow":["GET"]}}],"collection":[{"href":"https:\/\/www.agenziadessena.com\/de\/wp-json\/wp\/v2\/product"}],"about":[{"href":"https:\/\/www.agenziadessena.com\/de\/wp-json\/wp\/v2\/types\/product"}],"wp:featuredmedia":[{"embeddable":true,"href":"https:\/\/www.agenziadessena.com\/de\/wp-json\/wp\/v2\/media\/5623"}],"wp:attachment":[{"href":"https:\/\/www.agenziadessena.com\/de\/wp-json\/wp\/v2\/media?parent=5607"}],"wp:term":[{"taxonomy":"product_brand","embeddable":true,"href":"https:\/\/www.agenziadessena.com\/de\/wp-json\/wp\/v2\/product_brand?post=5607"},{"taxonomy":"product_cat","embeddable":true,"href":"https:\/\/www.agenziadessena.com\/de\/wp-json\/wp\/v2\/product_cat?post=5607"},{"taxonomy":"product_tag","embeddable":true,"href":"https:\/\/www.agenziadessena.com\/de\/wp-json\/wp\/v2\/product_tag?post=5607"},{"taxonomy":"localita","embeddable":true,"href":"https:\/\/www.agenziadessena.com\/de\/wp-json\/wp\/v2\/localita?post=5607"}],"curies":[{"name":"wp","href":"https:\/\/api.w.org\/{rel}","templated":true}]}}

<p class="translation-block">Bed and Breakfastzimmer in schöner Villa, ca. 800 m von den schönen Sandstränden von Cala Liberotto und etwa 2 km von der herrlichen Natur-Oase von Biderosa mit seinen 5 Strände im karibischen Stil entfernt.<br><br></p>
<p>Das Zimmer im Hochparterre, besteht aus einem Doppelbett, Badezimmer mit Dusche, Veranda und ist mit Klimaanlage, Minikühlschrank, TV und einem Schreibtisch ausgestattet.</p>
<p>Im Gartenbereich, stehen zwei Swimmingpools (davon eins für Kinder), W-Lan und eine Waschmaschine zur gemeinsamen Nutzung zur Verfügung.<br><br></p>
<p class="translation-block">In der Nähe der Villa Dessena befinden sich Einkaufsmöglichkeiten sowie Restaurants, Bars, Pizzeria, Gelateria, Apotheke, Supermärkte, Kiosk, Bäckerei, Fischhändler und eine Metzgerei.<br><br></p>
<p>Der Preis versteht sich für 2 Personen inklusive Frühstück, Bett und Badezimmerwäsche sowie der täglichen Reinigung.</p>
<p>Preis für 1 Person: 27% Preisnachlass vom offiziellen Preis wie auf der Seite angegeben.</p>

<p><strong>Bed and Breakfastzimmer in schöner Villa mit Pool, ca. 800 m vom Strand von Cala Liberotto entfernt.</strong></p>
